10 + -2?
-1301310112
In base 5, what is -10 + -210330113141?
-210330113201
In base 6, what is 244531 - 101245?
143242
In base 3, what is 11101221102 - 22012?
11101122020
In base 13, what is -1c5072 + 3?
-1c506c
In base 6, what is 111554014 - -5?
111554023
In base 8, what is -67 - 2445112?
-2445201
In base 7, what is 100 + 45435013?
45435113
In base 2, what is -10011 - 11100101111011101110?
-11100101111100000001
In base 5, what is 334420 + 401?
340321
In base 5, what is 10303 + -414?
4334
In base 2, what is 11001100111 - 111000100111101001?
-111000001110000010
In base 3, what is 21202210 - -1210001?
100112211
In base 15, what is 1baca4 + -1?
1baca3
In base 2, what is -10100111 + 10011000010111010101?
10011000010100101110
In base 12, what is 69736 - 60b?
69127
In base 3, what is -22020001020222 - -1000?
-22020001012222
In base 14, what is -ab8 + 39251?
38577
In base 7, what is -443 + 243536?
243063
In base 10, what is 159830 + -146?
159684
In base 13, what is 698 - -34560?
34c28
In base 10, what is 255 + 5918?
6173
In base 16, what is 31ea - -204?
33ee
In base 2, what is -11 + -1011000011110110001011110?
-1011000011110110001100001
In base 10, what is -588 - 41060?
-41648
In base 10, what is 4 + 58485397?
58485401
In base 2, what is -100011 + -111000110101011010111?
-111000110101011111010
In base 14, what is -b3 + -741498?
-74156b
In base 13, what is 1b6 + 25a315?
25a4cb
In base 16, what is 332 + -c3105?
-c2dd3
In base 4, what is 30232223 - -1230202?
32123031
In base 12, what is 4 + 79b24a?
79b252
In base 2, what is -101011 - -111000110011011000110?
111000110011010011011
In base 13, what is 8aaa2 + -2bc0?
87bb2
In base 8, what is 246 + 1752601?
1753047
In base 2, what is -11001101000101111010100111100 - 0?
-11001101000101111010100111100
In base 7, what is 4 - 1523154161?
-1523154154
In base 8, what is 5 - -6051563?
6051570
In base 15, what is -38 - 66325?
-6635d
In base 4, what is 11231303002 - 11333?
11231231003
In base 5, what is 140 + -2143014?
-2142324
In base 7, what is -404 + 4235621?
4235214
In base 4, what is -101323211312 - -1023?
-101323210223
In base 15, what is 1d938 - 4b?
1d8dc
In base 4, what is 33300013232213 + 1?
33300013232220
In base 16, what is 4a5 - 1e083?
-1dbde
In base 2, what is 100100010 - -101001011100111?
101010000001001
In base 2, what is 1001110011011 + -11001001?
1001011010010
In base 9, what is 6503313 - 127?
6503175
In base 5, what is 1204 - -10242024?
10243233
In base 13, what is 1b732 - -285b?
21290
In base 5, what is 211433104 + 34?
211433143
In base 5, what is -1241102322 + 1?
-1241102321
In base 12, what is -1b - 110bb3?
-111012
In base 5, what is -2244320 - 2?
-2244322
In base 3, what is -202011 + 100022112200?
100021210112
In base 3, what is 11222011201012 - -110102?
11222012011121
In base 2, what is -10100010110000011011010 - -1100001?
-10100010110000001111001
In base 10, what is -390 + -8609?
-8999
In base 11, what is 60 - -136a0?
13750
In base 16, what is 2c3 + 45006?
452c9
In base 13, what is -7a8 + -2825?
-3300
In base 8, what is -43370044 - -16?
-43370026
In base 14, what is -5c6 - 18b7b?
-19363
In base 4, what is -3213313 + 21230?
-3132023
In base 8, what is -711252 + 72?
-711160
In base 14, what is -76d + -241c?
-2b8b
In base 11, what is -19014 + a8?
-18a17
In base 13, what is -893b8 + a0?
-89318
In base 6, what is 22105054120 - 0?
22105054120
In base 14, what is -4317 + 32d8?
-101d
In base 11, what is 13 + -23433?
-23420
In base 3, what is -220211 + 210002200?
202011212
In base 11, what is -3023 - -116a?
-1964
In base 13, what is -c3911 - -352?
-c358c
In base 6, what is -100420 + -231005?
-331425
In base 10, what is 3 - -5525591?
5525594
In base 16, what is -e5e + -4f3?
-1351
In base 15, what is c + -583890?
-583883
In base 10, what is 109493 + -239?
109254
In base 11, what is -558 + -375935?
-376392
In base 8, what is -25 + 4261250?
4261223
In base 16, what is 41960 - 66?
418fa
In base 6, what is -31 + -2311345?
-2311420
In base 13, what is 50006 + 4?
5000a
In base 5, what is -2434 - -301313?
243324
In base 10, what is -7361 + -11571?
-18932
In base 6, what is -12405400 + 212?
-12405144
In base 14, what is -7ab0 - -1bd?
-78d1
In base 4, what is 1001213003323 + -21?
1001213003302
In base 3, what is -1110110 - -10112022?
2001212
In base 9, what is -24 + -305005?
-305030
In base 10, what is 116124777 - -6?
116124783
In base 12, what is -6ba55 - -2b2?
-6b763
In base 4, what is 3 + 11133330321222?
11133330321231
In base 16, what is -3a8 + -14d9?
-1881
In base 11, what is -7 - -a6782?
a6776
In base 5, what is -20424 + -1413011?
-1433440
In base 13, what is -759ab2 + 12?
-759aa0
In base 9, what is -38 - 1505442?
-1505481
In base 4, what is -312211133 - -221?
-312210312
In base 2, what is 10100001010001 - -111001000?
10101000011001
In base 6, what is -2502 - 520123?
-523025
In base 5, what is 321240 - 11011?
310224
In base 15, what is 179d53 - 2b?
179d27
In base 14, what is 108d2ba + a?
108d2c6
In base 15, what is 208 - -4b477?
4b680
In base 16, what is -73ab2d + 7?
-73ab26
In base 16, what is 4b2b - 146?
49e5
In base 15, what is e4b - 7c4?
677
In base 2, what is 101 + -101010000100000110?
-101010000100000001
In base 3, what is -11011210222120 + 101?
-11011210222012
In base 4, what is -10112332 - -101201121?
31022123
In base 13, what is -9469 - -19?
-9450
In base 14, what is -43b4685 - -a?
-43b4679
In base 2, what is 0 - -1000010101010001111111101?
1000010101010001111111101
In base 2, what is -10011 + 10101011100110010?
10101011100011111
In base 3, what is -11202121201 + -110220010?
-12020111211
In base 5, what is 313244 - 10340?
302404
In base 3, what is 0 - -21202200221000?
21202200221000
In base 11, what is -36715 + 226?
-3649a
In base 2, what is -11010101 - -100000101101110100?
100000101010011111
In base 11, what is -473 + 48749?
48286
In base 11, what is -20a73 - 17?
-20a8a
In base 4, what is 11213332201 - -2100?
11220000301
In base 13, what is 2c59 + -a55?
2204
In base 5, what is -4 + -142114220000?
-142114220004
In base 2, what is -100000000001110110011 + -10?
-100000000001110110101
In base 5, what is -121 + 3221202222?
3221202101
In base 15, what is -c - -e3e75?
e3e68
In base 2, what is 101 + -100000100011100111110110000?
-100000100011100111110101011
In base 6, what is -143553 - -215?
-143334
In base 4, what is -3320323 + 110110?
-3210213
In base 9, what is 5464 - 276?
5177
In base 8, what is -57522 - -14723?
-42577
In base 14, what is -4 + -c2750b?
-c27511
In base 7, what is 6 - 1353514231?
-1353514222
In base 6, what is -3 - -40541113231?
40541113224
In base 9, what is 221 - -36704?
37025
In base 15, what is -d92c - -4b5?
-d467
In base 11, what is 365301 + 5?
365306
In base 15, what is 4 - 7e93891?
-7e9388c
In base 13, what is 4 - 757cb52?
-757cb4b
In base 8, what is 1232655604 + 3?
1232655607
In base 15, what is -1eb4 + 13?
-1ea1
In base 5, what is -1103212 + -21311?
-1130023
In base 6, what is 1311221 - -215?
1311440
In base 13, what is 0 + 12a337a0?
12a337a0
In base 3, what is -12022112220022 + -1200?
-12022112221222
In base 2, what is -101110111110011101011011 + 11?
-101110111110011101011000
In base 4, what is 13113131 + 111310?
13231101
In base 7, what is 535060154 - 15?
535060136
In base 3, what is 121012 - 1002000000?
-1001101211
In base 15, what is 1 + -3e9db2?
-3e9db1
In base 11, what is 7877599 + 5?
78775a3
In base 16, what is -1 - -158fd5?
158fd4
In base 12, what is -889557 + -20?
-889577
In base 13, what is -788 - -245970?
2451b5
In base 4, what is -202 - -30031310?
30031102
In base 11, what is -55a - 2a08?
-3467
In base 3, what is 20102111122 + -1220?
20102102202
In base 16, what is 2 - 8a0d96?
-8a0d94
In base 12, what is -213 - 22a087?
-22a29a
In base 10, what is 25548193 + 2?
25548195
In base 10, what is 9 - -5923473?
5923482
In base 9, what is 2 + -10372404?
-10372402
In base 10, what is -715238 - -37?
-715201
In base 10, what is 449862 + -160?
449702
In base 15, what is -1c89a - -146?
-1c754
In base 15, what is 253a6 - 1?
253a5
In base 16, what is -4f4 + 3eb2c?
3e638
In base 11, what is -3a9 - -131206?
130908
In base 3, what is -11022221021201 + -2?
-11022221021210
In base 2, what is -1010010011 - -101011101101101?
101010011011010
In base 13, what is 4468 - 100?
4368
In base 